*r + 33*r. Suppose -r - 50 = -4*x. What is the units digit of 1*-5*(-174)/x?
8
Let s = -7 + 12. Let h = -1712 - -1716. Suppose 13 = -s*j + 3, -h*t = j - 126. What is the tens digit of t?
3
Let i be 342/(-114) + (-1)/(-1)*6. Suppose 3187 = 4*u + i*m + 2*m, -4*m - 2398 = -3*u. What is the tens digit of u?
9
Let r(m) = 22*m**2 + 11*m - 1. Let f(y) = 21*y**2 + 10*y - 2. Let t(g) = 7*f(g) - 6*r(g). Let k be (-72)/(-16)*(2 + 8/(-6)). What is the hundreds digit of t(k)?
1
Suppose 4*g - 9 = 3. Suppose -9*k = 16*k - 6*k - 133. Suppose g*a - k*i = -3*i + 96, 3*a = -2*i + 114. What is the tens digit of a?
3
Let x be (-153)/(-102) + (-1022)/(-4). Suppose -s + x - 198 = 0. What is the tens digit of s?
5
Let i = -3361 + 3354. Let u(l) be the second derivative of -14*l**3/3 - 9*l**2 + 2*l. What is the units digit of u(i)?
8
Suppose 634395 = 23*p - 128331. What is the thousands digit of p?
3
Let o(n) = -2*n - 10. Suppose -5*m = 49 - 19. Let u be o(m). Suppose 5*x - x - u*g - 12 = 0, -2*g - 8 = 0. What is the units digit of x?
1
Let f(c) = c**2 + 18*c + 3037. What is the thousands digit of f(-121)?
5
Let b = 24 + -24. Let v be (-14)/(6/(-3)) - b. Suppose 3*q - 600 = -v*q. What is the units digit of q?
0
Let z = -1365 + 28897. What is the hundreds digit of z?
5
Let m(o) = o**2 + 14*o + 9. Suppose 4*r = r + 30. Let v be m(r). Suppose 0*h = 3*h - v. What is the tens digit of h?
8
Let t(l) = -405*l + 1259. What is the hundreds digit of t(-40)?
4
Suppose 7*n = -3*n + 2630. Suppose 4*d - j = d - n, 5*d + 405 = -5*j. What is the tens digit of (d/4)/(2*(-1)/8)?
8
Let i = 107 - 105. Suppose -1744 = 2*f - 4*b, 4*f = -b + i*b - 3502. What is the units digit of (-4 - (-28)/6) + f/(-9)?
8
Let n = -27 - -37. Let z = n + -8. Suppose 225 = 5*i - z*i. What is the tens digit of i?
7
Let r be 3/1 + (-8 + 8)*-1. What is the units digit of r/(-15 + 19 + (-1474)/370)?
5
Let n = -18 + 33. Suppose 7*l - n*l = -232. Suppose l*v + 504 = 32*v. What is the tens digit of v?
6
Let h = 38875 + -17920. What is the tens digit of h?
5
Let k = 153 - -131. Let g = k - -53. What is the hundreds digit of g?
3
What is the hundreds digit of ((-606)/2121)/((-2)/123536)?
6
Suppose -4*t = -5*t + 2. Suppose t + 70 = 6*p. Suppose 0 = a - p - 63. What is the tens digit of a?
7
Let j be (1 - (-5)/(-7)) + 172/(-14). Let r(h) = -2*h**3 - 25*h**2 - 17*h - 6. What is the tens digit of r(j)?
5
Suppose -93451 = 10*r - 266051. What is the ten thousands digit of r?
1
Suppose -k - 62 = -4*r + k, 5*r - 4*k - 79 = 0. Let d be 80/25 + 27/r + -2. Suppose 3*w + 15 = 0, d*s - 185 = -0*w + w. What is the units digit of s?
0
Suppose 0 = -488*v + 498*v - 50. Let z = -1 - -5. Suppose -280 = -z*w + 5*m, -5*w = -0*w + v*m - 395. What is the tens digit of w?
7
Let v(o) = 26 + 9*o + 20*o - o**2 - 51 - 9*o. What is the units digit of v(17)?
6
Let w(j) = 2060*j + 229. What is the hundreds digit of w(18)?
3
Suppose -4*k - 5*f - 276 = -7*k, 3*f = -9. Let b = k + 186. What is the hundreds digit of b?
2
Suppose -3*p = 5*q - 15, 3*q = p + 8 - 13. Suppose -y + 676 = -p*g + 3157, 0 = 2*g - 5*y - 974. What is the tens digit of g?
9
Let y be (-1785)/(-10)*4/3. Suppose 3*f - y = -5*i, f + 29 = i - 17. Let g = i - 26. What is the tens digit of g?
2
Suppose -2*c + 0*c + 10 = 2*l, c = -5. Suppose l*k = 7*k + 516. What is the units digit of k?
2
Suppose 5*v = -5*m + 42210, 109*m - 107*m - 16880 = -3*v. What is the units digit of m?
6
Let c(r) = 5*r**3 + 3*r**2 - 20*r + 11. Let p be c(5). Let s = p - 265. What is the hundreds digit of s?
3
Let y be 8 + -5 - (0 + 0). Suppose 0 = -15*g + 19*g + 3*o - 1204, -3*g + 924 = -y*o. What is the tens digit of g?
0
Let i = 172 + -166. Suppose 0 = i*z + 552 - 2556. What is the units digit of z?
4
What is the tens digit of 1/(-3)*14062*(180/8)/(-15)?
3
Let a be 2/4 + (-6)/(-4). Suppose 2*j - 1566 = 2*b, 6*b - a*b = -4*j + 3156. What is the hundreds digit of j?
7
What is the tens digit of 2 + -1 + 90915/29?
3
Let l be 0 + (5 - 3) + 3. Let p(j) = -130*j + 27. Let m(w) = 65*w - 14. Let q(c) = l*m(c) + 3*p(c). What is the tens digit of q(-3)?
0
Let s(w) = -w**2 + 5*w + 66. Let o be s(11). Suppose o = 12*p - 5948 - 2656. What is the tens digit of p?
1
Let k(m) = m**3 - 13*m**2 + 22*m + 8. Let y be k(11). Suppose -y*j + 11415 = 87. What is the units digit of j?
6
Suppose 45478 = 3*d - 5*k - 15632, -5*d + 101850 = 3*k. What is the thousands digit of d?
0
Suppose -9 = 4*d - 33. Let s be (34/d)/((-4)/72). Let l = s - -149. What is the tens digit of l?
4
Let u(d) = -16 - 11*d + 6*d**2 + 0*d**2 + 0*d**2. What is the hundreds digit of u(8)?
2
Let n be (-22)/(-33) + (-4282)/(-3). Suppose n = 2*q - 0*q. What is the units digit of q?
4
Suppose 10*k = 11*k - 805. Let f = 1411 - k. What is the units digit of f?
6
Suppose 0 = -30*s + 1392 + 14448. Suppose s = -56*i + 59*i. What is the units digit of i?
6
Suppose 2*l + 64 = -4*z, -5*z + 2*l = 43 + 19. Let b = -11 - z. Suppose -7*r + b*r + 204 = 0. What is the units digit of r?
1
Suppose -9021 - 86208 = 68*m - 95*m. What is the thousands digit of m?
3
Suppose 0 = -8*h + 39516 - 15468. Suppose 3*z + 5*a = h, 0 = 2*z + 7*a - 4*a - 2005. Suppose 7*b = 43 + z. What is the hundreds digit of b?
1
Let a be (5 - (-871)/5)*(-2 - -7). Let u = a + -419. What is the tens digit of u?
7
Let s be 48/12 + 1*1712. Suppose 4*y - s = 2*t, 5*t - t = -4*y + 1692. What is the tens digit of y?
2
Let g be (-2)/3 + 5 + (-5)/(-3). What is the units digit of (-798)/9*(-4 + (-3)/g)?
9
What is the thousands digit of 16223 + ((-12)/(-60))/(-5 + (-51)/(-10))?
6
Let m(f) be the second derivative of -2*f**3/3 + 4*f**2 + 4*f. Let c be m(-11). What is the tens digit of c/3*6/4?
2
Let f = 37506 + -17519. What is the ten thousands digit of f?
1
Let k(a) = 1839*a**2 + 90*a - 281. What is the hundreds digit of k(3)?
5
Let g(m) = 22 - 9*m + 5 - 38 + 3*m**2. What is the tens digit of g(-7)?
9
Let x be -53*(-1)/(0 - -1). Let h = x - 17. Suppose -4*y = 2*y - h. What is the units digit of y?
6
Suppose c = 2*q - 1343, 0 = -5*q + 3*q - 5*c + 1349. Let f = q + -263. What is the units digit of f?
9
Suppose 4*n - 7744 = 3*t - 4*t, -2*t = -n + 1927. What is the hundreds digit of n/20*32/6?
5
Let u(s) = 3*s - 6 - 3*s + 9*s. Let k be 21/(-4) + 21 + (-6)/8. What is the hundreds digit of u(k)?
1
Let i(z) = -z**3 + 9*z**2 - 10*z - 1. Let w be i(8). Suppose 4*x + m - 156 = 0, 2*m - 26 = -3*x + 96. Let c = w + x. What is the units digit of c?
1
Let o(b) = b**2 + 11*b + 23. Suppose -2*u + 77 = 5*p + 13, 0 = -2*u + 2*p + 64. Let m = u - 44. What is the tens digit of o(m)?
3
Suppose 3*y = -472 + 448. What is the units digit of (39*14/y)/((-2)/8)?
3
Suppose 449 + 412 = s - 4*u, s + u = 856. Suppose 59 = -7*f + s. What is the hundreds digit of f?
1
Suppose -n = c - 12317, -5*n = -36*c + 33*c - 61625. What is the ten thousands digit of n?
1
Let r = 32661 + -27441. What is the hundreds digit of r?
2
Suppose -92010 = -11*j - 0*j + 5*j. What is the hundreds digit of j?
3
Suppose 3*g + 2*v - 82 = 4*v, -4 = 2*v. Let c = g + -11. Let b(l) = -l**2 + 21*l - 34. What is the tens digit of b(c)?
5
Suppose a - 12072 = -1330*n + 1326*n, -2*n + 24144 = 2*a. What is the tens digit of a?
7
Suppose 1116 = 184*o - 178*o. Suppose -2*w - 6 = -20. Suppose -w*f = 18 - o. What is the units digit of f?
4
Suppose 6*x + 4066538 = 41*x + 38*x. What is the thousands digit of x?
5
Let s(o) = 9*o**3 + 6*o**2 - 3*o + 12. Let z(f) = -8*f**3 - 6*f**2 + 5*f - 12. Let q(n) = -6*s(n) - 7*z(n). What is the units digit of q(6)?
8
Suppose 0 = 4*z + 4*y + 120, -13 - 72 = 3*z + 4*y. Let m(c) = -c**3 - 36*c**2 - 51*c + 48. What is the hundreds digit of m(z)?
6
What is the units digit of ((-1)/((-2)/(-35978)))/((-52)/(34 - -18))?
9
Suppose 446 = y + 2*c, -3*y - 3*c = 539 - 1874. Let g = -186 + y. What is the units digit of g?
8
Let m(h) = -21188*h + 446. What is the tens digit of m(-1)?
3
Suppose -g - 1 = -2*h, 2*g - 6*h = -3*h + 2. Suppose 2*n = 3*d + 836, -g*n + 3*d = -8*n + 427. What is the tens digit of n?
2
Suppose 9 = 5*f - 6*f + 4*w, 0 = -f - w + 1. Let d(t) = -80*t**2 + 4. Let c(q) = -161*q**2 - q + 9. Let u(x) = 2*c(x) - 5*d(x). What is the units digit of u(f)?
8
Let t(y) = 4 - 10*y**3 - 5*y**2 - 2*y**2 - 337*y + 336*y. Suppose 0 = 3*z + 3*z + 18. What is the tens digi